 = -5*k + 168. Suppose 7*i - k = f*i. List the prime factors of i.
2
Suppose 3*x = -0*x + 141. What are the prime factors of x?
47
Let o(u) = -3*u + 3. Let b = 11 - 16. List the prime factors of o(b).
2, 3
Let q be 3/6 - (-6)/4. Let m be (-4)/((-2)/(8/q)). What are the prime factors of (-4)/m*18/(-1)?
3
Let s(i) = 4*i**2 - 1. What are the prime factors of s(-3)?
5, 7
Let g(p) = -32*p**3 - p**2 - p. What are the prime factors of g(-1)?
2
Suppose -n = c - 11 - 4, 4*n - c = 40. Let l = n + -2. List the prime factors of l.
3
Suppose 25 = 5*h + 2*r - r, -5 = -h - r. List the prime factors of h/2*78/15.
13
Let y(i) = -i**3 - 6*i**2 + 5*i + 7. What are the prime factors of y(-7)?
3, 7
Suppose -4*v - 2*y + 0*y + 22 = 0, 4*v + 4*y = 24. What are the prime factors of v?
5
Suppose -128 = -4*d - 4*t, 4*t + 42 = -0*d + d. List the prime factors of d.
2, 17
Suppose -6 = -q + a - 1, -21 = -4*q + 5*a. Suppose 6 - 28 = -3*b + x, -q*b - 5*x = -23. What are the prime factors of b?
7
What are the prime factors of (0 - 20/(-8))*104/2?
2, 5, 13
Let h(g) = -2*g**3 - 3*g**2 + 2*g**2 - 7*g - 9*g**3 + 6*g. Suppose 5*i = -2*p + 4 - 21, 4*i = -4*p - 16. What are the prime factors of h(p)?
11
Let i = -13 + 29. Suppose 4*w - 10 = -26, -4*b + 2*w + i = 0. What are the prime factors of b?
2
Let j(n) = -4*n**3 + 2*n**2 + n + 4. Let i(u) = 15*u**3 - 8*u**2 - 5*u - 17. Let d(c) = 2*i(c) + 9*j(c). List the prime factors of d(-2).
2, 3, 5
Let c be 2/6 + (-15)/(-9). Suppose -2*p - p + 41 = 2*l, -5*p + c*l + 79 = 0. Suppose y = 4*y - p. List the prime factors of y.
5
Suppose -2*b + p + 0*p = -185, p = -2*b + 187. Let g = b - 45. Suppose 0*l = 4*l + 16, -4*f + 4*l + g = 0. What are the prime factors of f?
2
Let b(g) = -4*g + 6. Let x be b(4). What are the prime factors of ((-42)/35)/(4/x)?
3
Suppose 5*v = -3 + 18. Suppose v*m - 47 = 16. Suppose -2*j = 3 - m. List the prime factors of j.
3
List the prime factors of (-4)/(-3)*(-90)/(-12).
2, 5
Suppose -p - 74 = -3*g, -6*g - 5*p = -2*g - 124. Let h = 36 - g. List the prime factors of h.
2, 5
Let k(x) = -x**2 + 11*x. Let c(b) = 3*b - 13. Let j be c(7). List the prime factors of k(j).
2, 3
Suppose 5*w = k + 312 - 106, 202 = 5*w - 2*k. List the prime factors of w.
2, 3, 7
Let i(h) be the third derivative of -h**5/60 + 7*h**4/24 + h**3/3 - 2*h**2. List the prime factors of i(7).
2
Let a = -14 + 26. List the prime factors of 40/a*(-3)/(-2).
5
Let c(p) = p**3 + 8*p**2 - p - 2. What are the prime factors of c(-8)?
2, 3
List the prime factors of (9/(-18))/((-2)/144).
2, 3
Suppose 3*o + 42 = 2*v - 15, -2*v + o + 51 = 0. What are the prime factors of v?
2, 3
Let i(v) = v**3 - 6*v**2 - v + 8. Let y be i(6). Let t be (y/6)/((-1)/9). Let p = t - -15. What are the prime factors of p?
2, 3
Let z(i) = -i**3 - 7*i**2 - 6*i + 6. Let m = 13 - 9. Let v = m + -10. List the prime factors of z(v).
2, 3
Let k = 60 - 18. Suppose 9*a - 4*a = -3*g + 211, -g + 4*a + k = 0. What are the prime factors of g?
2, 31
Let u(i) = -i**3 - 2*i**2 - 2*i - 4. Let f(r) = r**3 + r**2 + r + 4. Let z(x) = -4*f(x) - 5*u(x). Let s be z(-4). Let k = -5 + s. List the prime factors of k.
7
Let y = -88 - -375. What are the prime factors of y?
7, 41
Let f(k) be the first derivative of k**3/3 - 3*k + 7. List the prime factors of f(-4).
13
Let g(d) be the third derivative of d**6/120 + d**5/12 - d**4/3 + d**3/6 + d**2. Let l(t) = t**3 + 6*t**2 + t. Let f be l(-6). List the prime factors of g(f).
13
What are the prime factors of (-195)/(-12) + 1/(-4)?
2
Let t be (-8)/(-20)*5/2. Suppose 5 = 3*j - v, v + 2 = 5*j - 3*j. Suppose -h - t = -3*d + j*h, 0 = 4*h - 8. What are the prime factors of d?
3
Let t(j) = j**2 + 2*j - 2. Let x be t(4). Suppose 2*b - 9 = b + v, -2*v + x = 2*b. What are the prime factors of b?
2, 5
Let r = 192 - 52. Suppose 6*f - 2*f = r. List the prime factors of f.
5, 7
Suppose -6*s + 180 = -s. List the prime factors of s.
2, 3
Let x(a) = a**3 - 21*a**2 - 3*a - 47. What are the prime factors of x(22)?
7, 53
Let i be -2*2 + 1 - 1. Let d(z) = -z**2 - 4*z + 3. List the prime factors of d(i).
3
Suppose -69 = 3*h + 30. Let c = -18 - h. Suppose -4*z + c = -1. List the prime factors of z.
2
Suppose -3*s + 2*s - 1 = 0. Let o(m) = 2*m**2 + 4*m**2 + m + 6*m**2 - 2*m**2. List the prime factors of o(s).
3
Let c = 3 + -12. Let s(j) = -j**2 - 13*j - 8. List the prime factors of s(c).
2, 7
Suppose i + 5 = -4*i, -5*i = -f + 99. List the prime factors of f.
2, 47
Let s(w) = 3*w - 1. Let g be s(1). Let y(z) = z - 1. Let n be y(g). Let d(x) = 11*x**2 - 1. List the prime factors of d(n).
2, 5
Let a be (4/10)/(3/(-915)). Let q = a + 179. What are the prime factors of q?
3, 19
Let z be (-2 + 4)/(-2 - -3). Suppose -4*p + 2 = -2*n, -z*p - 2*p = -12. List the prime factors of n.
5
Suppose 0 = -2*a + 2*i + 118, i + 0*i = 2*a - 116. List the prime factors of a.
3, 19
Let r(y) = y**2 + 2*y - 8. List the prime factors of r(6).
2, 5
Let x(b) = -b**2 - 11*b - 7. Let f be x(-10). Suppose f = 3*y - 0. List the prime factors of y/((-3)/(-6)) - -4.
2, 3
Let b = 40 + 66. What are the prime factors of b?
2, 53
Suppose 0 = 2*o - 0*o - 42. List the prime factors of o.
3, 7
Let o(l) = l**3 - 12*l**2 - 11*l - 18. List the prime factors of o(13).
2
Let d be 8/3 - 1/(-3). Suppose 5*i = d*i + 26. What are the prime factors of i?
13
Let c(j) = 34*j**3 - 2*j**2 + 2*j - 1. Suppose x - 4 = -4*h, -2 = -3*h - 5*x + 1. List the prime factors of c(h).
3, 11
Suppose 4*w = 5*a + 86 + 196, -5*w - 2*a = -336. List the prime factors of w.
2, 17
Let p = 9 + -5. Suppose -5*f = c - p*c + 51, -5*c + 5*f + 85 = 0. List the prime factors of c.
17
Let x = 0 + 4. Let r be 3*x/6 - -23. Suppose -5*p + r = -15. What are the prime factors of p?
2
Let c be 2/(-7) + 9/7. Let b(q) = 50*q**2 + 3*q - 2. What are the prime factors of b(c)?
3, 17
Let n = -51 - -91. Let i = 3 + n. List the prime factors of i.
43
Let j(a) = 2*a**2 + 13*a + 11. What are the prime factors of j(-8)?
5, 7
Let s(l) be the first derivative of l**3/3 + 15*l + 3. What are the prime factors of s(0)?
3, 5
Suppose -5*a - 10 = -0*a. Let y be 0/2 + (a - -58). Let i = -39 + y. List the prime factors of i.
17
Let x(g) be the third derivative of 0 + 0*g - g**2 + 11/24*g**4 + 1/6*g**3. What are the prime factors of x(1)?
2, 3
Let y(f) = -57*f - 1. Let t be y(1). Let w = -35 - t. What are the prime factors of w?
23
Let n = 148 - 95. List the prime factors of n.
53
Suppose -3*i + 32 = -16. Suppose 4 = -4*b + i. Suppose 0*c - 4*c - 5 = 5*h, c - 4 = -b*h. What are the prime factors of h?
3
Suppose -3*u = -215 - 160. List the prime factors of u.
5
Let d be 6 - 1 - (-32)/(-16). Suppose 0 = -d*i - 5 + 68. What are the prime factors of i?
3, 7
What are the prime factors of 6/(-10) - (956/(-10) + -7)?
2, 3, 17
Suppose 0 = -3*d - 3*y + 3, d - 3*y = -0 + 5. Suppose 2*a + 76 = 2*k, a + 41 = d*k + 6*a. Suppose -6*q + 3*q + k = 0. What are the prime factors of q?
11
Let b(r) = 7*r**3 + 2*r**2 - r - 5. Let o(c) = -15*c**3 - 5*c**2 + 2*c + 11. Let p(l) = -13*b(l) - 6*o(l). What are the prime factors of p(4)?
3
Suppose 19*t + 498 = 22*t. What are the prime factors of t?
2, 83
Let q = 1 - -5. Suppose -3*p - q*v = -v - 62, -v = -2*p + 37. What are the prime factors of p?
19
Let f(a) = 11*a. Let v be f(5). Let h = v - 39. Suppose d = r + h, 2*r = -3*d + 6*r + 53. What are the prime factors of d?
11
Let n(z) = 2*z**2 + 4*z - 30. List the prime factors of n(-7).
2, 5
Suppose 5*q = v + v, 3*q = -5*v - 31. Let w = -5 - v. Suppose 2*k + 2*k - 56 = w. List the prime factors of k.
2, 7
Let j = -4 - -19. Let x = 21 + j. Suppose -8 = -4*g + x. What are the prime factors of g?
11
Let k(b) = 6*b**3 - 3*b**2. List the prime factors of k(2).
2, 3
Let k(w) = -8*w**2 + 3*w**2 - 7*w - 6 + 6*w**2. List the prime factors of k(8).
2
Suppose 0 + 20 = 2*u. Let t = 0 + u. Suppose -4 = p, -2*p = -2*w + 8 + t. What are the prime factors of w?
5
Let a(s) = 12*s + 3. List the prime factors of a(1).
3, 5
Suppose 5*t - 19 = -4. Let y(c) = -c**2 + 8*c - 7. Let o be y(7). Suppose o = t*m - 12 - 18. What are the prime factors of m?
2, 5
Let i(w) = -w. Let o be i(-4). Suppose -3*h - o*d + 1 = -78, -2*d + 27 = h. List the prime factors of h.
5
What are the prime factors of 3/(-12) + 12670/56?
2, 113
Suppose -2 = k - 3*k. What are 